{"id":2027,"date":"2021-03-29T11:14:48","date_gmt":"2021-03-29T08:14:48","guid":{"rendered":"https:\/\/www.ferahmedikal.com\/?post_type=product&#038;p=2027"},"modified":"2021-03-29T11:17:19","modified_gmt":"2021-03-29T08:17:19","slug":"aluminyum-masaj-masasi-cift-baslikli-bej-no-201","status":"publish","type":"product","link":"http:\/\/www.ferahmedikal.com\/?product=aluminyum-masaj-masasi-cift-baslikli-bej-no-201","title":{"rendered":"Al\u00fcminyum Masaj Masas\u0131 \u00c7ift Ba\u015fl\u0131kl\u0131 \u2013 Bej \u2013 No 201"},"content":{"rendered":"<h1 style=\"text-align: center;\"><strong><a href=\"https:\/\/www.ferahmedikal.com\/?p=806\" rel=\"bookmark\">Al\u00fcminyum Masaj Masas\u0131 \u00c7ift Ba\u015fl\u0131kl\u0131 \u2013 Bej \u2013 No 201<\/a><\/strong><\/h1>\r\n<h4 style=\"text-align: center;\"><strong>\u00dcr\u00fcn \u00d6zellikleri:<\/strong><\/h4>\r\n<h4 style=\"text-align: center;\">1- \u00dcr\u00fcn vinyl deri, Al\u00fcminyum ayak ve kablolardan olu\u015fmaktad\u0131r.\r\n2- \u00dcr\u00fcn\u00fcn y\u00fcksekli\u011fi\u00a0<em><strong>54<\/strong><\/em>\u00a0cm ve<strong>\u00a0<em>82<\/em><\/strong>\u00a0cm aral\u0131\u011f\u0131nda ayarlanabilir.\r\n3- \u00dcr\u00fcn\u00fcn kafa ve el konulan k\u0131s\u0131mlar\u0131 da katlanabilir \u00f6zelli\u011fe sahiptir.\r\n4- \u00dcr\u00fcn\u00fcn s\u0131rt \u00fcst\u00fc ve y\u00fcz \u00fcst\u00fc olmak \u00fczere iki \u015fekilde de yatarken ellerinizi koymak i\u00e7in yerleri vard\u0131r.\r\n5- \u00dcr\u00fcn\u00fcn kurulumu gayet kolay olup, herhangi bir alete gerek yoktur.\r\n6- \u00dcr\u00fcn\u00fcn bir adet kuma\u015f \u00e7antas\u0131 bulunmaktad\u0131r.\r\n\u00dcr\u00fcn katlanm\u0131\u015f \u015fekilde bu \u00e7antan\u0131n i\u00e7ine konularak ta\u015f\u0131nabilir.<\/h4>\r\n<h4 style=\"text-align: center;\"><strong>\u00dcr\u00fcn\u00fcn \u00d6l\u00e7\u00fcleri ve A\u011f\u0131rl\u0131\u011f\u0131:<\/strong><\/h4>\r\n<h4 style=\"text-align: center;\">1- \u00dcr\u00fcn kurulu iken:\u00a0<strong>185x70x54\/84 cm\r\n<\/strong>2- \u00dcr\u00fcn katl\u0131 iken:\u00a0<strong>95x74x21 cm\r\n<\/strong>3- \u00dcr\u00fcn\u00fcn \u00e7antas\u0131n\u0131n \u00f6l\u00e7\u00fcleri:<strong>\u00a0<\/strong><strong>95x74x21\u00a0cm<\/strong>\u00a0<strong>\r\n<\/strong>4- \u00dcr\u00fcn\u00fcn \u00a0Net a\u011f\u0131rl\u0131\u011f\u0131:\u00a0<strong>13 Kg\r\n<\/strong>5- \u00dcr\u00fcn\u00fcn ta\u015f\u0131ma kapasitesi:\u00a0<strong>200 Kg<\/strong><\/h4>","protected":false},"excerpt":{"rendered":"<h1 style=\"text-align: center;\"><strong><a href=\"https:\/\/www.ferahmedikal.com\/?p=806\" rel=\"bookmark\">Al\u00fcminyum Masaj Masas\u0131 \u00c7ift Ba\u015fl\u0131kl\u0131 \u2013 Bej \u2013 No 201<\/a><\/strong><\/h1>\r\n<h4 style=\"text-align: center;\"><strong>\u00dcr\u00fcn \u00d6zellikleri:<\/strong><\/h4>\r\n<h4 style=\"text-align: center;\">1- \u00dcr\u00fcn vinyl deri, Al\u00fcminyum ayak ve kablolardan olu\u015fmaktad\u0131r.\r\n2- \u00dcr\u00fcn\u00fcn y\u00fcksekli\u011fi\u00a0<em><strong>54<\/strong><\/em>\u00a0cm ve<strong>\u00a0<em>82<\/em><\/strong>\u00a0cm aral\u0131\u011f\u0131nda ayarlanabilir.\r\n3- \u00dcr\u00fcn\u00fcn kafa ve el konulan k\u0131s\u0131mlar\u0131 da katlanabilir \u00f6zelli\u011fe sahiptir.\r\n4- \u00dcr\u00fcn\u00fcn s\u0131rt \u00fcst\u00fc ve y\u00fcz \u00fcst\u00fc olmak \u00fczere iki \u015fekilde de yatarken ellerinizi koymak i\u00e7in yerleri vard\u0131r.\r\n5- \u00dcr\u00fcn\u00fcn kurulumu gayet kolay olup, herhangi bir alete gerek yoktur.\r\n6- \u00dcr\u00fcn\u00fcn bir adet kuma\u015f \u00e7antas\u0131 bulunmaktad\u0131r.\r\n\u00dcr\u00fcn katlanm\u0131\u015f \u015fekilde bu \u00e7antan\u0131n i\u00e7ine konularak ta\u015f\u0131nabilir.<\/h4>\r\n<h4 style=\"text-align: center;\"><strong>\u00dcr\u00fcn\u00fcn \u00d6l\u00e7\u00fcleri ve A\u011f\u0131rl\u0131\u011f\u0131:<\/strong><\/h4>\r\n<h4 style=\"text-align: center;\">1- \u00dcr\u00fcn kurulu iken:\u00a0<strong>185x70x54\/84 cm\r\n<\/strong>2- \u00dcr\u00fcn katl\u0131 iken:\u00a0<strong>95x74x21 cm\r\n<\/strong>3- \u00dcr\u00fcn\u00fcn \u00e7antas\u0131n\u0131n \u00f6l\u00e7\u00fcleri:<strong>\u00a0<\/strong><strong>95x74x21\u00a0cm<\/strong>\u00a0<strong>\r\n<\/strong>4- \u00dcr\u00fcn\u00fcn \u00a0Net a\u011f\u0131rl\u0131\u011f\u0131:\u00a0<strong>13 Kg\r\n<\/strong>5- \u00dcr\u00fcn\u00fcn ta\u015f\u0131ma kapasitesi:\u00a0<strong>200 Kg<\/strong><\/h4>","protected":false},"featured_media":809,"comment_status":"open","ping_status":"closed","template":"","meta":{"_monsterinsights_skip_tracking":false,"_monsterinsights_sitenote_active":false,"_monsterinsights_sitenote_note":"","_monsterinsights_sitenote_category":0,"jetpack_post_was_ever_published":false,"jetpack_publicize_message":"","jetpack_publicize_feature_enabled":true,"jetpack_social_post_already_shared":true,"jetpack_social_options":{"image_generator_settings":{"template":"highway","enabled":false},"version":2}},"product_cat":[816],"product_tag":[848,854,860,861,1169,1170,1171,1172,1173,1174,1175,1176,1177,862,863,864,865,866,867,819,868,1178,1179,1180,1181,869,870,871,872,873,874,875,876,877,878,879,880,881,882,883,884,885,886,887,888,889,890,891,892,893,894,895,1182,896,897,898,899,1183,900,901,902,903,904,905,906,907,908,909,910,911,912,913,914,820,915,916,917,918,919,920,921,1125,922,923,924,925,926,927,928,929,930,931,932,933,934,935,936,937,938,939,940,941,942,943,944,945,946,947,948,949,1184,1185,950,1126,951,952,1127,953,954,1186,1187,1188,1189,955,1128,1129,1130,956,1190,1191,1192,1193,1194,957,958,959,1131,1132,1133,960,961,962,963,1134,964,965,966,967,968,969,970,971,972,973,974,975,976,977,978,979,980,1165,981,982,983,984,985,986,987,988,989,990,991,992,828,829,1195,993,994,995,996,997,998,999,1000,1001,1002,1003,1004,1005,1006,1007,1008,1009,1010,1196,1011,1012,1013,1014,1015,1016,823,1166,832,1017,1018,1019,1020,1021,1022,1023,1024,1025,1026,1027,1028,1029,1030,1031,1135,1032,1033,1034,1035,1036,1136,1037,1038,1039,1040,1041,1042,1043,1044,1045,1046,833,1047,1048,1049,1050,1051,1052,1053,834,1054,1055,1056,1137,1138,1057,1121,1058,1059,1060,1061,1062,1063,1064,1065,824,1066,1067,1068,1069,1070,1071,1072,1073,1074,1075,1076,1077,1078,1079,1080,1081,1082,1083,1084,1139,1085,1086,1087,1088,1089,1140,1090,1141,1091,1092,1093,1094,1095,1203,1096,1097,1098,1099,1100,1101,1102,1103,1104,1105,1106,1107,1108,1142,1109,1110,1111,1112,1113,1197,1198,1199,1200,1114,1143,1115,1116,1117,1118,1119,1144,1145,1146,1201,1202,1147,1148,1149,1150,1151,1152,1153,1154,1155,1156,1157,1158,1159,1160,1161,1162,1163,1164],"class_list":{"0":"post-2027","1":"product","2":"type-product","3":"status-publish","4":"has-post-thumbnail","6":"product_cat-masaj-masasi","7":"product_tag-agri","8":"product_tag-aksaray","9":"product_tag-aleminyum","10":"product_tag-aleminyum-masaj-masasi","11":"product_tag-alfa","12":"product_tag-alfa-alfa","13":"product_tag-alfa-marka","14":"product_tag-alfa-masaj","15":"product_tag-alfa-masaj-masasi","16":"product_tag-alfa-masaj-sandalyesi","17":"product_tag-alfa-masaj-yatagi","18":"product_tag-alfa-sandalyesi","19":"product_tag-alfa-yatagi","20":"product_tag-aliminyum","21":"product_tag-aliminyum-canta-tipi-masaj-masasi","22":"product_tag-aliminyum-masaj-masasi","23":"product_tag-alman-mali","24":"product_tag-aluminyum","25":"product_tag-aluminyum-canta-tipi-masaj-masasi","26":"product_tag-aluminyum-masaj-masasi","27":"product_tag-amasya","28":"product_tag-ameliyat-icin-kiralik-masaj-masasi","29":"product_tag-ameliyat-icin-kiralik-masaj-sandalyesi","30":"product_tag-ameliyat-sonrasi-kiralik-masaj-masasi","31":"product_tag-ameliyat-sonrasi-kiralik-masaj-sandalyesi","32":"product_tag-ankara","33":"product_tag-ankara-masaj-masasi","34":"product_tag-antalya","35":"product_tag-antalya-masaj-masasi","36":"product_tag-ardahan","37":"product_tag-artvin","38":"product_tag-ates","39":"product_tag-ates-olcer","40":"product_tag-ayakta-masaj","41":"product_tag-ayakta-masaj-icin-masaj-sandalyesi","42":"product_tag-ayarlanabilir-masaj-masasi","43":"product_tag-ayarli-masaj-masasi","44":"product_tag-ayarli-masaj-yatagi","45":"product_tag-aydin","46":"product_tag-balikesir","47":"product_tag-bartin","48":"product_tag-bas-tarafi-ayarlanabilen","49":"product_tag-bas-tarafi-ayarlanabilir","50":"product_tag-batman","51":"product_tag-bayan-icin-masaj-masasi","52":"product_tag-bayan-icin-masaj-yatagi","53":"product_tag-bayanlara-ozel-masaj-masasi","54":"product_tag-bayanlara-ozel-masaj-yatagi","55":"product_tag-bayburt","56":"product_tag-bayram","57":"product_tag-bayram-cevre","58":"product_tag-bej-yastik","59":"product_tag-besiktas","60":"product_tag-beyaz-yastik","61":"product_tag-bilecik","62":"product_tag-bingol","63":"product_tag-bitlis","64":"product_tag-bjk","65":"product_tag-bodrum","66":"product_tag-bolu","67":"product_tag-boru-seklinde-yastik","68":"product_tag-branda-canta","69":"product_tag-branda-tasima-cantasi","70":"product_tag-burdur","71":"product_tag-bursa","72":"product_tag-canakkale","73":"product_tag-cankiri","74":"product_tag-canta-masaj","75":"product_tag-canta-masaj-yatak","76":"product_tag-canta-masaji","77":"product_tag-canta-masasi","78":"product_tag-canta-tipi","79":"product_tag-canta-tipi-katlanabilir-masaj-masasi","80":"product_tag-canta-tipi-masaj-masasi","81":"product_tag-canta-tipi-masaj-yatagi","82":"product_tag-canta-yatak","83":"product_tag-cekmeceli","84":"product_tag-cekmeceli-ahsap","85":"product_tag-cekmeceli-ahsap-masaj-masasi","86":"product_tag-cekmeceli-ahsap-masaj-yatagi","87":"product_tag-celik-telli-masaj-masasi","88":"product_tag-cep-tipi-doppler","89":"product_tag-cilt-bakim-koltugu","90":"product_tag-cilt-bakim-koltuklari","91":"product_tag-cilt-bakim-yatagi","92":"product_tag-cilt-bakimi","93":"product_tag-cok-hafif-masaj-masasi","94":"product_tag-corum","95":"product_tag-denizli","96":"product_tag-diyarbakir","97":"product_tag-dizilere-akulu-arac-kiralama","98":"product_tag-dizilere-filimlere-kiralik-akulu-tekerlekli-sandalye","99":"product_tag-dizilere-kiralik-masaj-masasi","100":"product_tag-dizilere-masaj-masasi","101":"product_tag-dolgu-tekerlekli-sandalye","102":"product_tag-doppler","103":"product_tag-duzce","104":"product_tag-edirne","105":"product_tag-elazig","106":"product_tag-elektrikli","107":"product_tag-elektrikli-masaj-koltugu","108":"product_tag-elektrikli-masaj-masasi","109":"product_tag-elektrikli-masaj-yatagi","110":"product_tag-elektrikli-ve-akulu-masaj-masasi-ve-cilt-bakim-koltugu","111":"product_tag-engelli-arac-kiralama","112":"product_tag-epilasyon-masasi","113":"product_tag-erzincan","114":"product_tag-erzurum","115":"product_tag-eskisehir","116":"product_tag-eve-teslim","117":"product_tag-fb","118":"product_tag-fenerbahce","119":"product_tag-ferah-medikal","120":"product_tag-ferahmedikal","121":"product_tag-fetal-ve-vaskuler-doppler","122":"product_tag-fethiye","123":"product_tag-filimlere-kiralik-masaj-masasi","124":"product_tag-fiyat","125":"product_tag-fiylari","126":"product_tag-galatasaray","127":"product_tag-garantili-ahsap-masaj-masasi","128":"product_tag-garantili-masaj-masasi","129":"product_tag-garantili-masaj-yatagi","130":"product_tag-gaziantep","131":"product_tag-gebe-icin-ozel-masaj-masasi","132":"product_tag-gebe-masaj-masasi","133":"product_tag-gebe-masaj-yatagi","134":"product_tag-giresun","135":"product_tag-goz-ameliyati-icin-kiralik-masaj-masasi","136":"product_tag-goz-ameliyati-icin-kiralik-masaj-sandalyesi","137":"product_tag-goz-ameliyati-sonrasi-kiralik-masaj-masasi","138":"product_tag-goz-ameliyati-sonrasi-kiralik-masaj-sandalyesi","139":"product_tag-gs","140":"product_tag-gumushane","141":"product_tag-hafif-canta-tipi-masaj-masasi","142":"product_tag-hakkari","143":"product_tag-hamile-icin-masaj-masasi","144":"product_tag-hamile-icin-ozel-masaj-yatagi","145":"product_tag-hamile-masa","146":"product_tag-hamile-masaj-masasi","147":"product_tag-hamile-masaj-yatagi","148":"product_tag-hamileler-icin-masaj-masasi","149":"product_tag-hamileler-icin-masaj-yatagi","150":"product_tag-hamileler-icin-ozel-masaj-masasi","151":"product_tag-hatay","152":"product_tag-hepsiburada","153":"product_tag-igdir","154":"product_tag-infrared","155":"product_tag-isparta","156":"product_tag-istanbul","157":"product_tag-istanbul-masaj-masasi","158":"product_tag-ithal-masaj-masasi","159":"product_tag-izmir","160":"product_tag-izmir-masaj-masasi","161":"product_tag-kahramanmaras","162":"product_tag-kapida-odeme","163":"product_tag-karabuk","164":"product_tag-karadeniz","165":"product_tag-karaman","166":"product_tag-kars","167":"product_tag-kastamonu","168":"product_tag-kategoriler-305-model","169":"product_tag-katlanabilir","170":"product_tag-katlanabilir-masaj-masasi","171":"product_tag-katlanabilir-masaj-yatagi","172":"product_tag-katlanir","173":"product_tag-katlanir-masaj-masasi","174":"product_tag-katlanir-masaj-sedyesi","175":"product_tag-katlanir-masaj-yatagi","176":"product_tag-kayseri","177":"product_tag-kilis","178":"product_tag-kiralama","179":"product_tag-kiralik","180":"product_tag-kiralik-masa","181":"product_tag-kiralik-masaj-masasi","182":"product_tag-kiralik-masaj-yatagi","183":"product_tag-kiralik-sandalye","184":"product_tag-kiralik-tekerlekli-sandalyeler","185":"product_tag-kirikkale","186":"product_tag-kirklareli","187":"product_tag-kirsehir","188":"product_tag-kizilotesi-ates-olcer","189":"product_tag-kocaeli","190":"product_tag-konya","191":"product_tag-kusadasi","192":"product_tag-kutahya","193":"product_tag-led","194":"product_tag-malatya","195":"product_tag-manisa","196":"product_tag-mardin","197":"product_tag-marmaris","198":"product_tag-masage-masasi-antalya-almak-icin","199":"product_tag-masaj","200":"product_tag-masaj-aleti","201":"product_tag-masaj-cantasi","202":"product_tag-masaj-cantsi","203":"product_tag-masaj-fiyati","204":"product_tag-masaj-ile-agrilarinizdan-kurtulun","205":"product_tag-masaj-kiralama","206":"product_tag-masaj-koltugu","207":"product_tag-masaj-koltugu-fiyatlari","208":"product_tag-masaj-masalar-satis","209":"product_tag-masaj-masalari","210":"product_tag-masaj-masalari-etiketler-0-536-445-42-76","211":"product_tag-masaj-masasi","212":"product_tag-masaj-masasi-ahsap","213":"product_tag-masaj-masasi-ankara","214":"product_tag-masaj-masasi-antalya","215":"product_tag-masaj-masasi-balikesir","216":"product_tag-masaj-masasi-bodrum","217":"product_tag-masaj-masasi-bolu","218":"product_tag-masaj-masasi-bursa","219":"product_tag-masaj-masasi-canta-tipi","220":"product_tag-masaj-masasi-cantasi","221":"product_tag-masaj-masasi-elektrikli","222":"product_tag-masaj-masasi-ev-tipi","223":"product_tag-masaj-masasi-fethiye","224":"product_tag-masaj-masasi-fiyat","225":"product_tag-masaj-masasi-fiyati","226":"product_tag-masaj-masasi-fiyatlari","227":"product_tag-masaj-masasi-hamile-icin","228":"product_tag-masaj-masasi-icin-boru-yastik","229":"product_tag-masaj-masasi-istanbul","230":"product_tag-masaj-masasi-izmir","231":"product_tag-masaj-masasi-katlanir","232":"product_tag-masaj-masasi-kiralama","233":"product_tag-masaj-masasi-kiralanir","234":"product_tag-masaj-masasi-mersin","235":"product_tag-masaj-masasi-motorlu","236":"product_tag-masaj-masasi-olculeri","237":"product_tag-masaj-masasi-portatif","238":"product_tag-masaj-masasi-profesyonel","239":"product_tag-masaj-masasi-tasima-cantasi","240":"product_tag-masaj-masasi-yalova","241":"product_tag-masaj-masasi-yastigi","242":"product_tag-masaj-minderi","243":"product_tag-masaj-sandalyes-antalya","244":"product_tag-masaj-sandalyesi","245":"product_tag-masaj-sandalyesi-bursa","246":"product_tag-masaj-sandalyesi-fiyati","247":"product_tag-masaj-sandalyesi-istanbul","248":"product_tag-masaj-sandalyesi-siparis","249":"product_tag-masaj-sandalyesi-tavsiye","250":"product_tag-masaj-sedyesi","251":"product_tag-masaj-yastigi","252":"product_tag-masaj-yatagi","253":"product_tag-masaj-yatagi-fiyatlari","254":"product_tag-masaj-yatagi-kiralama","255":"product_tag-masaj-yataklari-fiyatlari","256":"product_tag-masasi-olculeri","257":"product_tag-massage","258":"product_tag-massage-table","259":"product_tag-mavi","260":"product_tag-mavi-yastik","261":"product_tag-mersin","262":"product_tag-meyra","263":"product_tag-mor","264":"product_tag-mor-masaj-masasi","265":"product_tag-mor-masaj-yatagi","266":"product_tag-mor-yastik","267":"product_tag-motorlu-masaj-masasi","268":"product_tag-muayene-masasi","269":"product_tag-muayne-masasi","270":"product_tag-mugla","271":"product_tag-mus","272":"product_tag-nevsehir","273":"product_tag-nigde","274":"product_tag-olcer","275":"product_tag-oloji-yastigi","276":"product_tag-ordu","277":"product_tag-osmaniye","278":"product_tag-portatif","279":"product_tag-portatif-masaj","280":"product_tag-portatif-masaj-masasi","281":"product_tag-profesyonel","282":"product_tag-profesyonel-cilt-bakim-koltugu","283":"product_tag-profesyonel-masaj-masasi","284":"product_tag-profesyonel-masaj-yatagi","285":"product_tag-refle","286":"product_tag-refleksoloji-yastigi","287":"product_tag-reiki","288":"product_tag-reiki-icin-ozel","289":"product_tag-reiki-masaj-masasi","290":"product_tag-reiki-masaj-yatagi","291":"product_tag-reiki-masasi","292":"product_tag-reiki-yatagi","293":"product_tag-reklamlara-kiralik-masaj-masasi","294":"product_tag-reklamlara-masaj-masasi","295":"product_tag-rize","296":"product_tag-rutubet-onleyici","297":"product_tag-sakarya","298":"product_tag-samsun","299":"product_tag-sandalye-masaji","300":"product_tag-sandalyeli-masaj","301":"product_tag-sanliurfa","302":"product_tag-sari-lacivert","303":"product_tag-satilik","304":"product_tag-satilik-masaj-masasi","305":"product_tag-satilik-masaj-yatagi","306":"product_tag-sedye-masaj","307":"product_tag-sedye-masaji","308":"product_tag-siirt","309":"product_tag-silikajel","310":"product_tag-silindir","311":"product_tag-silindir-seklinde-yastik","312":"product_tag-silindir-yastik","313":"product_tag-sinop","314":"product_tag-sivas","315":"product_tag-sirnak","316":"product_tag-soguk-isik","317":"product_tag-standart","318":"product_tag-standart-masaj-masasi","319":"product_tag-standart-masaj-yatak","320":"product_tag-table","321":"product_tag-tahsilatli","322":"product_tag-taksitle-masaj-masasi","323":"product_tag-taksitle-masaj-yatagi","324":"product_tag-taksitli-masaj-masasi","325":"product_tag-taksitli-masaj-yatagi","326":"product_tag-tasima-cantasi","327":"product_tag-tasinabilir","328":"product_tag-tasinabilir-masaj-masasi","329":"product_tag-tedavi-masaj","330":"product_tag-tedavi-masaji","331":"product_tag-tekerlekli-sandalye","332":"product_tag-tekirdag","333":"product_tag-temassiz-ates-olcer","334":"product_tag-tokat","335":"product_tag-trabzon","336":"product_tag-trabzonspor","337":"product_tag-ts","338":"product_tag-tunceli","339":"product_tag-usak","340":"product_tag-uzaktan-ates-olcer","341":"product_tag-van","342":"product_tag-voit","343":"product_tag-voit-masaj-masasi","344":"product_tag-yalova","345":"product_tag-yastik","346":"product_tag-yastik-masaji","347":"product_tag-yerinde-odeme","348":"product_tag-yerli-uretim","349":"product_tag-yozgat","350":"product_tag-yukseklik-ayarli","351":"product_tag-yukseklik-ayarli-masa","352":"product_tag-yukseklik-ayarli-masaj-masasi","353":"product_tag-yuvarlak-masaj-yastigi","354":"product_tag-yuvarlak-yastik","355":"product_tag-zonguldak","357":"first","358":"instock","359":"taxable","360":"shipping-taxable","361":"product-type-simple"},"jetpack_publicize_connections":[],"jetpack_sharing_enabled":true,"jetpack-related-posts":[],"_links":{"self":[{"href":"http:\/\/www.ferahmedikal.com\/index.php?rest_route=\/wp\/v2\/product\/2027","targetHints":{"allow":["GET"]}}],"collection":[{"href":"http:\/\/www.ferahmedikal.com\/index.php?rest_route=\/wp\/v2\/product"}],"about":[{"href":"http:\/\/www.ferahmedikal.com\/index.php?rest_route=\/wp\/v2\/types\/product"}],"replies":[{"embeddable":true,"href":"http:\/\/www.ferahmedikal.com\/index.php?rest_route=%2Fwp%2Fv2%2Fcomments&post=2027"}],"wp:featuredmedia":[{"embeddable":true,"href":"http:\/\/www.ferahmedikal.com\/index.php?rest_route=\/wp\/v2\/media\/809"}],"wp:attachment":[{"href":"http:\/\/www.ferahmedikal.com\/index.php?rest_route=%2Fwp%2Fv2%2Fmedia&parent=2027"}],"wp:term":[{"taxonomy":"product_cat","embeddable":true,"href":"http:\/\/www.ferahmedikal.com\/index.php?rest_route=%2Fwp%2Fv2%2Fproduct_cat&post=2027"},{"taxonomy":"product_tag","embeddable":true,"href":"http:\/\/www.ferahmedikal.com\/index.php?rest_route=%2Fwp%2Fv2%2Fproduct_tag&post=2027"}],"curies":[{"name":"wp","href":"https:\/\/api.w.org\/{rel}","templated":true}]}}